
9
Calculate (-4 + 22 - 3) + (0 - -2).
17
What is (3 - (3 + -13 - -6)) + -27 + 1?
-19
8 - (4 - -4) - 7 - (-2 + 18)
-23
97 - 104 - (-8 - 26)
27
(66 - 29) + -45 + (-10 - 1)
-19
Calculate (-2 - 5 - 2) + -37 + 30.
-16
Calculate -10 + (-14 - -8 - -33) + -11.
6
Calculate (0 - 13) + 9 + 13.
9
-14 + -3 - -10 - -1 - -10
4
(-11 + 3 - -10) + 1 + 0
3
Calculate -3 + 10 + -1 + 7 + -26.
-13
Calculate 58 + -59 + (-3 - -14).
10
What is -1 - (-11 - (-5 + -8))?
-3
Calculate 24 - 15 - 16 - -3.
-4
Evaluate -6 + 8 + 1 + (2 - 9).
-4
What is the value of 1 + (-10 - (-4 + 2 + -2))?
-5
Calculate (7 - -3) + -52 + 52.
10
Calculate 26 + 15 + -55 + 31.
17
What is the value of 8 - (2 + -1) - (280 - 257)?
-16
What is -14 - (-7 + -3 - (32 - 24))?
4
What is -220 - -211 - ((-3 - 5) + -3)?
2
Calculate -1 + -39 + 20 + 25.
5
What is the value of 2 - (9 + 10 + -6)?
-11
What is (36 + -43 - (0 + 1)) + -9 + 0?
-17
-25 + 12 - -18 - 2
3
12 - (-14 + -4 - -40)
-10
-2 + (3 - -3) - (13 - 23 - -16)
-2
What is the value of -1 + -6 + (3 + -3 - -8)?
1
Calculate (40 - 26) + -23 - (-21 + 0).
12
Evaluate (-5 - (11 - 7) - 0) + 21.
12
Calculate -1 + (-3 - 2) - (14 + -8 + -11).
-1
-12 + 15 + (0 - 13) + (0 - -4)
-6
Calculate (4 - 2) + 2 + -45 + 57 + 7.
23
Evaluate -118 - -103 - (-1 - 2).
-12
Evaluate 30 + (8 + (-6 + 16 - 20) - 8).
20
Calculate -28 + 33 + -31 - -23.
-3
Evaluate -139 + 131 + 8 + 2.
2
(25 + -11 - 22) + 9
1
Evaluate (-4 - 1) + (9 - (-11 - -23)).
-8
What is (8 + -4 + 5 - 7) + (7 - 4)?
5
Calculate -1 - (2 + -27) - ((19 - 16) + 7).
14
Evaluate 1 + -10 + (-15 - (36 - 46)).
-14
What is the value of 36 + -52 - (-35 - -5)?
14
1 + (-3 - -11) + -3 + 2
8
31 - (-15 + 0 + 28)
18
What is (-3 - 4) + 2 + -4?
-9
What is the value of (-24 - (-22 + 5)) + 16?
9
Evaluate (14 - 10 - -1) + -6 + -18.
-19
What is -5 - (10 + (-8 - 3) + 5)?
-9
-3 - (-4 - ((6 - -11) + -7 + -7))
4
(-70 - -72 - (0 - 1)) + -3 + 12
12
-4 + 21 - 1 - (-15 - 2)
33
Evaluate -31 - (-8 + 23) - -24.
-22
-15 - ((-40 - -17) + -7)
15
5 + -1 - (14 - 20 - -9)
1
What is 7 + -1 - (24 - 52 - -37)?
-3
23 + 1 + -12 + -10 - (-3 - -2)
3
What is the value of 51 - 51 - (-3 - 1 - -1)?
3
Evaluate -12 + -2 + 26 + -11.
1
Calculate 8 + (-2 + -6 - -23).
23
What is (12 - 31 - (-2 - 9)) + (1 - -10)?
3
Evaluate 1 + -1 + (-7 + 8 - (6 - 0)).
-5
Evaluate -7 + -10 + 16 + (4 - 2).
1
Evaluate 12 + (0 + -36 - (4 + -6 - 0)).
-22
5 + (-9 - (-6 + (-1 - -2))) + -8
-7
Calculate (-2 + 5 - ((0 - 6) + 11)) + 4.
2
Calculate (-9 - 7) + 4 + 3 + 1.
-8
Evaluate 17 + (-349 - -338 - (-1 - 10)).
17
-5 + 7 - 3 - (6 + -11)
4
What is (16 - 4) + (-1 - 5) + 2 + -8?
0
9 + 0 - (-13 + -14 + 14)
22
What is 19 + -15 + 15 + -34?
-15
What is -6 - (2 - (4 + -4 + -3 - -9))?
-2
What is 9 - -1 - (26 - (-13 + 27))?
-2
Calculate 36 + (-26 - -7) - 8.
9
What is the value of 2 + (169 + -193 - (10 - -1))?
-33
Calculate 4 + (1 - (7 + -7 - -5)) + 13.
13
Evaluate -15 + (-21 - -52) + (4 + -2 - 8).
10
-28 - (-12 - 7) - (3 - (-2 + 6))
-8
What is the value of (2 + -7 - 0) + (-21 - -29) + 4?
7
Calculate 8 - (16 - ((15 - 10) + 10)).
7
(5 - (-19 - -9)) + -12 + -10
-7
-4 + 12 + 7 + -15
0
(3 - 8) + (-6 - 1) - (150 + -158)
-4
What is the value of (10 - 10 - (-5 - (-1 - 6))) + -7?
-9
Calculate 0 - (0 - 5 - (-17 + 3)).
-9
Evaluate 7 + 50 + -26 + -20.
11
Evaluate 1 + 10 + 3 + -10.
4
Calculate -15 + (-40 + 8 - -20) + 6.
-21
Evaluate -2 - (9 + 1) - (-32 + 20 + 11).
-11
37 + 0 + (-7 - -1) + -12 + 8
27
What is the value of -1 + -4 - (-50 - -19 - -12)?
14
What is -28 + -6 + 1 + 2 + 9 + -6?
-28
What is the value of 9 - (-4 + 1 + (5 - (5 + -6)))?
6
Calculate -3 - ((3 - 4) + 2 + -7).
3
What is -19 + 54 + -39 - (6 - -1)?
-11
Evaluate -18 + 8 - (-37 + 11).
16
What is 17 + -5 + 8 + -9?
11
Calculate 16 - (-13 + 23) - -12.
18
Evaluate -8 + 23 + -40 + 19.
-6
What is 6 + (-14 - -38) - 8?
22
What is 13 - ((8 - (-8 + 18)) + 15)?
0
What is (68 - 39) + -8 - 57?
-36
What is the value of -17 - (-17 + 32 + -22) - (-34 + -2)?
26
Calculate -12 + 2 + (-3 - -1).
-12
Evaluate (-27 - (-24 + -3)) + 1 + 0.
1
Calculate 7 - -6 - (13 + 2 + -20).
18
What is -15 + (3 - ((8 - -1) + -4 - 7))?
-10
Calculate 0 + 8 + (13 - 4 - 11).
6
Calculate 15 - (-1 - (-5 - (-5 - (-1 - 5)))).
10
(1 - 5) + 5 + -3 + 0 + 1
-1
What is 2 - -19 - (29 + -16 - 15)?
23
What is -16 + 12 - (0 + -1 - (28 + 3))?
28
What is (-23 - -5) + 20 - (-1 - (1 + 1))?
5
(20 - 2 - 13) + -10
-5
What is the value of (-18 + 17 - 3) + 18?
14
What is the value of -4 + -6 - (-36 + 26) - (17 + 1)?
-18
What is -2 - (-7 - (16 - (12 - 6)) - 3)?
18
5 + (-7 - 18 - -16) + 2 + -2
-4
Evaluate 87 - 8 - (185 + -144).
38
Calculate -12 + (-9 - -6) - -16.
1
-10 + -7 - (16 - 5)
-28
What is the value of -20 - (5 - 21) - (-1 - -7)?
-10
Calculate 35 + -30 + 1 + -1 + 1 + 0.
6
Evaluate 11 + -11 + 6 + (-7 - -1).
0
What is 4 - (-10 - (-1 + 17 + 6))?
36
What is -1 + 13 - (-23 + 5 - -9)?
21
(15 - -6) + -7 + -7 + 0
7
Evaluate (1 - -1) + (10 - 5) - -21 - 0.
28
Evaluate -16 - (-3 - -10) - -10.
-13
Evaluate (8 - 8) + -5 - (1 - -6).
-12
What is the value of 1 + -6 + -6 + (6 + -25 - 3)?
-33
-4 + -4 + -5 - (2 + 1) - -4
-12
What is the value of -46 + 41 + (-13 - -46)?
28
-31 - (5 - (-2 + 1 + -57 + 62))
-32
Evaluate (-50 - 1) + -1593 + 1617.
-27
Calculate -1 + -2 + (12 - -3) + (-32 - -27).
7
Calculate 1 + 4 + 7 + -16.
-4
Calculate -17 - -28 - 26 - -45.
30
What is the value of (11 - (-11 - (4 + (-3 - -8)))) + -10?
21
Evaluate (-22 - -16) + (4 - (3 + -7 + 16)).
-14
2 + -12 - (2 - 5 - (-1 - -3))
-5
What is (-28 + 38 + -16 - (-7 + -1)) + -6?
-4
(-52 - -36) + 7 + 2 + 0
-7
Calculate 1 + (-4 - (-3 - 3)) + 5.
8
Calculate 198 - 185 - (0 + 15 - 5).
3
What is the value of 0 - -36 - (86 - 50)?
0
What is the value of -43 + -10 - -12 - (-19 + 7)?
-29
What is the value of (0 - (-4 + -2 + 7 + 1)) + -2?
-4
Calculate 9 + (1 + 7 + 2 - (8 + -5)).
16
-1 + -1 + -233 + 222
-13
What is 5 + -20 + (-6 - (5 - 7) - -2)?
-17
Evaluate 45 + (-13 - 62) - 12.
-42
What is the value of 9 + (-31 - -14) + 14?
6
18 + -7 + 8 + -17
2
Calculate (-8 + 6 - -17) + -6 + -2.
7
Evaluate -6 - (5 - (-2 - -8) - -3).
-8
What is (-2 + -2 - (3 + -4)) + -6?
-9
What is the value of -3 - -30 - (-40 - (-25 + -28))?
14
What is the value of -28 + (1 - 2) + 51?
22
-45 + 42 + -19 + (0 - (6 - 0))
-28
Evaluate (3 - (1 + 3)) + -13 - (-15 - -12).
-11
Calculate (1 - (-7 + 10)) + 1.
-1
What is -1 + (-22 - -11 - -21)?
9
Calculate 139 + -141 + (-4 - (18 - 4)).
-20
Calculate -6 - (-3 - (-11 - -13)) - 16.
-17
Calculate 3 + (-20 - -1) + 0 + 8.
-8
What is the value of 6 - (-4 + 2 + 1 + -2 + 3)?
6
(12 - (-9 + 21)) + 2 + 2
4
Calculate (-8 - (-21 - -4)) + (3 - -9) + -4.
17
Evaluate (6 - 0 - -1) + (191 - 194).
4
Calculate (-14 - (-10 + -6)) + (3 - 0).
5
What is the value of 22 + -5 - (-4 - -11)?
10
Evaluate 12 - (8 - 4 - -11 - 5).
2
-44 + (-7 + -30 - -86)
5
Calculate -16 + 10 + (-9 - 14) + 13 + -2.
-18
Calculate -6 + (2 - 4 - (-34 - -47)).
-21
Evaluate 12 + (-20 - 3) + 7.
-4
Calculate -30 - (-39 - (30 - 47)).
-8
Evaluate 2 + (-2 - 15) + 19.
4
Calculate -1 + 2 + -10 + 7 - -23.
21
Evaluate 1 - (-8 + 6 + -4 + 3) - -3.
7
What is the value of 15 + 0 + 29 + -32 - 17?
-5
Evaluate 0 - 11 - ((5 - (9 - -4)) + 15).
-18
4 + (-12 - -2) - (3 + -14)
5
Evaluate (-31 - -26 - 16) + 54.
33
Evaluate -16 + 20 + (-7 - -7).
4
What is 17 + (7 - -8 - 31)?
1
What is the value of -15 - (-26 - -17 - 18)?
12
(4 - (7 + 1)) + -3 + -9
-16
What is 0 + -11 + 3 + -2 + (-2 - 13)?
-25
Evaluate -5 + -2 - (897 - 901).
-3
Evaluate -7 + 0 + 1 - (8 - 3).
-11
Calculate (-3 - -15) + (31 + -11 - 24).
8
Calculate -7 + 13 + -3 - -4 - -2.
9
What is (-24 - -37) + -44 + -1 + 14?
-18
What is -1 + -9 + 10 - (4 - 23)?
19
Calculate (-20 - (40 + -52)) + (10 - (0 + 1)).
1
What is (-9 - (-2 - (0 - 2))) + 260 + -248?
3
Calculate -7 - (27 + -21 + -28).
15
Calculate (10 + -5 + -4 - 11) + (0 - -4).
-6
What is 4 + 7 + 4 + -1 - (-23 + 26)?
11
Calculate 12 + -5 - ((-8 + 15 - 4) + -11).
15
What is the value of (2 - (-12 - 1)) + (-3 - (-2 + 0))?
14
What is the value of -19 + -1 + 24 + -12 - 9?
-17
-12 + 112 + -108 + (2 + -13 - -2)
-17
What is the value of 8 + -7 - (14 + (-5 - -8) + -4)?
-12
Calculate -139 + 139 + 7 + 4 + -3.
8
What is -6 + (-3 - (-6 - -1) - (6 + 0))?
-10
12 + (-12 + 3 - -5) - 11
-3
What is (9 - (0 + 1)) + (-21 - -13)?
0
(-27 - 9) + (4 - -2) + (8 - 2)
-24
Calcu